ase 12, what is -2b19a9b8 - -5?
-2b19a9b3
In base 13, what is 259 - 94b8?
-925c
In base 16, what is -26b407 - 8?
-26b40f
In base 9, what is -3586 - 7550?
-12246
In base 10, what is 1 + -3047994?
-3047993
In base 15, what is -11b6 - 3a12?
-4bc8
In base 11, what is 49302 - -808?
4a00a
In base 9, what is -221387 + -12455?
-233853
In base 12, what is b - 5339?
-532a
In base 2, what is -11000000001100011 - 1111000001000?
-11001111001101011
In base 9, what is 1522 + -184320?
-182687
In base 6, what is 11253343 - 300?
11253043
In base 2, what is -10 - -101011110001001010000010?
101011110001001010000000
In base 5, what is 344 + 33414231?
33420130
In base 5, what is -2331401 + -243?
-2332144
In base 5, what is 13303 - 3131233?
-3112430
In base 3, what is -2202012202021 + 21220?
-2202012110101
In base 3, what is 1212 + 111201110120?
111201112102
In base 10, what is -67 + -2579684?
-2579751
In base 7, what is -12 + -132150533?
-132150545
In base 11, what is -6 + 963343?
963338
In base 13, what is 3 + -128314?
-128311
In base 7, what is 126411 - -14316?
144030
In base 8, what is 11644114 - -225?
11644341
In base 15, what is 5 + -28850b6?
-28850b1
In base 9, what is -16671 + 8325?
-7345
In base 12, what is 7 + 131020b?
1310216
In base 9, what is -6 + -27064085?
-27064102
In base 16, what is 11f6c10c - 5?
11f6c107
In base 16, what is 1578 - -12f9?
2871
In base 10, what is -16175078 + -5?
-16175083
In base 2, what is -11000100111011111101010110 - -1111?
-11000100111011111101000111
In base 7, what is 2401415 - -244?
2401662
In base 5, what is 1 + 33401124100?
33401124101
In base 8, what is -51 - -75003?
74732
In base 16, what is 33 + -63363?
-63330
In base 15, what is -792 + 659?
-138
In base 12, what is -146641a7 - 2?
-146641a9
In base 11, what is 1 + -608859?
-608858
In base 5, what is 2221303 - 444?
2220304
In base 9, what is 882582 - 15?
882566
In base 16, what is 1 + 7e80bf?
7e80c0
In base 12, what is -5 + 763565?
763560
In base 15, what is 7b5 + 17c5?
208a
In base 2, what is -100101000011100111 - 101001111?
-100101001000110110
In base 13, what is -359 - -b7?
-272
In base 10, what is -314071 - -645?
-313426
In base 13, what is -426a7c6 - 12?
-426a808
In base 14, what is -1659 + 76a?
-ccd
In base 2, what is 1000100101011100010110 - 10?
1000100101011100010100
In base 10, what is -12 + -5677267?
-5677279
In base 3, what is 202 + 110022210011102?
110022210012011
In base 7, what is -3643561 - -444?
-3643114
In base 15, what is 1a + e9422?
e943c
In base 15, what is 9084b9 + 8?
9084c2
In base 2, what is -111101011111 + -110001100100?
-1101111000011
In base 2, what is 1000000000000100 + -111?
111111111111101
In base 4, what is -12 + -1212101111011?
-1212101111023
In base 10, what is -1244628 - -35?
-1244593
In base 15, what is 8e + -53ea4?
-53e15
In base 2, what is 101010101110 - 1110001011100?
-1000110101110
In base 11, what is a3 - -32482?
32575
In base 12, what is -2 - 2654b17?
-2654b19
In base 2, what is -10111110 - -100111100010000?
100111001010010
In base 6, what is 541012 - -2524?
543540
In base 2, what is 10000111000011100010 + -10000?
10000111000011010010
In base 8, what is 366766112 + -11?
366766101
In base 16, what is -9e - -4226a?
421cc
In base 7, what is -1326 + -162126?
-163455
In base 3, what is -2110 - 111111000201122?
-111111000211002
In base 15, what is -1bc - -1a1b9?
19eec
In base 3, what is 10111 + -2112200202111?
-2112200122000
In base 12, what is -104 - -1348094?
1347b90
In base 10, what is -93 + 789725?
789632
In base 2, what is 11010011011101111011101111 - -10?
11010011011101111011110001
In base 14, what is -2bc9c37 - -2?
-2bc9c35
In base 2, what is -100 + -111101011010110000001?
-111101011010110000101
In base 5, what is -1242 - 2402132?
-2403424
In base 6, what is -3 - -155352220?
155352213
In base 2, what is -111000111111000111 - -10100101?
-111000111100100010
In base 2, what is -110 - -101000000110010100001?
101000000110010011011
In base 14, what is 1c15 + -12a87?
-10c72
In base 5, what is 21214310 - -24232?
21244042
In base 13, what is 2 + 598b372?
598b374
In base 10, what is -4 - 8701835?
-8701839
In base 5, what is 1414110 - 21222?
1342333
In base 13, what is 13 + -c94ac?
-c9499
In base 9, what is -2 + 13054000?
13053887
In base 5, what is 11341434134 - -40?
11341434224
In base 9, what is 5 - -1778221?
1778226
In base 4, what is 1 - -131120232332?
131120232333
In base 13, what is a + -216a1b?
-216a11
In base 10, what is 1 - 21011461?
-21011460
In base 3, what is -22120202122201121 + -2?
-22120202122201200
In base 13, what is 4 - -211cb517?
211cb51b
In base 11, what is a512 - 90a?
9703
In base 6, what is -12004011 - 134?
-12004145
In base 4, what is 1221 + -333013303?
-333012022
In base 12, what is 1a61 + -3a48?
-1ba7
In base 12, what is 51426b2 + -19?
5142695
In base 3, what is 200 - -11220221110010?
11220221110210
In base 14, what is -16509 + -4328?
-1a833
In base 2, what is -100111101 - 100101101101001110?
-100101110010001011
In base 2, what is -101 - -100000001000011011?
100000001000010110
In base 7, what is 6355 - 25015?
-15330
In base 9, what is 875807 + -357?
875440
In base 8, what is -240026015 - -4?
-240026011
In base 2, what is -101110111001100010010 - -1000000010?
-101110111000100010000
In base 12, what is 2 + 10160261?
10160263
In base 10, what is 3 + -95648318?
-95648315
In base 3, what is 100 - 12022120022002?
-12022120021202
In base 6, what is 4 + 335554113?
335554121
In base 7, what is -1334165 + 3134?
-1331031
In base 14, what is 113 + -195b9?
-194a6
In base 10, what is 3939130 + -3?
3939127
In base 10, what is 16183 - 1438?
14745
In base 6, what is 1 - -32101542?
32101543
In base 9, what is 734 + -155852?
-155117
In base 14, what is 1b + -17588d?
-175872
In base 4, what is 33 - -202132112?
202132211
In base 5, what is -230110041 - -1033?
-230104003
In base 12, what is a - 33271b2?
-33271a4
In base 8, what is -11 + -1726530?
-1726541
In base 12, what is 201 - 12298?
-12097
In base 2, what is -100 - -10010101001000111100110?
10010101001000111100010
In base 15, what is -3 - -107d11?
107d0d
In base 3, what is -1 - 20100222201202?
-20100222201210
In base 5, what is -1134042041 - -4?
-1134042032
In base 2, what is 111000111 + 111101101111?
1000100110110
In base 16, what is -1b97 - 2d?
-1bc4
In base 7, what is -462 + -230506?
-231301
In base 14, what is -133bb + 26?
-13395
In base 10, what is 9 - 5268917?
-5268908
In base 8, what is 3032 - 1155?
1655
In base 13, what is 2bc0934 - 0?
2bc0934
In base 3, what is -212 - 2000212202220210?
-2000212202221122
In base 9, what is 386206177 + 3?
386206181
In base 13, what is 6421c29 - 0?
6421c29
In base 4, what is 13 - -13313202010?
13313202023
In base 11, what is 4 + -112388759?
-112388755
In base 10, what is 2 - 7767563?
-7767561
In base 14, what is -32 + 78c44?
78c12
In base 8, what is 2240 + -1107062?
-1104622
In base 5, what is -203302104223 - 10?
-203302104233
In base 8, what is -53064140 - 4?
-53064144
In base 14, what is 15bc7da - -1?
15bc7db
In base 10, what is 286405177 - 1?
286405176
In base 6, what is 510323 - -254?
511021
In base 5, what is 1143122 - 13340?
1124232
In base 13, what is 6829074 + 3?
6829077
In base 5, what is 311004230 + 3?
311004233
In base 2, what is -1110010 - -111011111001111000111?
111011111001101010101
In base 2, what is -100 + -110111101110111010111110011?
-110111101110111010111110111
In base 10, what is 266390 + 119?
266509
In base 3, what is 1021110200101 + -1?
1021110200100
In base 11, what is -2 - -10544aa?
10544a8
In base 7, what is -263304366 + -1?
-263304400
In base 12, what is b + 352558?
352567
In base 6, what is -315 + 21134515?
21134200
In base 11, what is 24721 + -1656?
23076
In base 12, what is -11276938 - -2?
-11276936
In base 10, what is 2146 + 1983?
4129
In base 16, what is 3f4 - 3eab3?
-3e6bf
In base 16, what is -8e23e06 - 1?
-8e23e07
In base 9, what is -185436 + 1455?
-183871
In base 12, what is -75b67 - 48?
-75bb3
In base 10, what is 15984 + -5983?
10001
In base 15, what is 305 + -8b60?
-885a
In base 12, what is 1992 - -15926?
176b8
In base 8, what is 10543706 - -116?
10544024
In base 2, what is -10000111001110 + 11010?
-10000110110100
In base 5, what is -23140 - -324302?
301112
In base 11, what is 15643 + -277?
15377
In base